[INFO] fetching crate concurrent 0.2.2...
[INFO] checking concurrent-0.2.2 against try#72f88fc4e9458f89516a0b8b0868f3718aec5b47 for pr-74989
[INFO] extracting crate concurrent 0.2.2 into /workspace/builds/worker-2/source
[INFO] validating manifest of crates.io crate concurrent 0.2.2 on toolchain 72f88fc4e9458f89516a0b8b0868f3718aec5b47
[INFO] running `Command { std: "/workspace/cargo-home/bin/cargo" "+72f88fc4e9458f89516a0b8b0868f3718aec5b47" "read-manifest" "--manifest-path" "Cargo.toml", kill_on_drop: false }`
[INFO] started tweaking crates.io crate concurrent 0.2.2
[INFO] finished tweaking crates.io crate concurrent 0.2.2
[INFO] tweaked toml for crates.io crate concurrent 0.2.2 written to /workspace/builds/worker-2/source/Cargo.toml
[INFO] running `Command { std: "/workspace/cargo-home/bin/cargo" "+72f88fc4e9458f89516a0b8b0868f3718aec5b47" "generate-lockfile" "--manifest-path" "Cargo.toml" "-Zno-index-update", kill_on_drop: false }`
[INFO] running `Command { std: "/workspace/cargo-home/bin/cargo" "+72f88fc4e9458f89516a0b8b0868f3718aec5b47" "fetch" "--locked" "--manifest-path" "Cargo.toml", kill_on_drop: false }`
[INFO] running `Command { std: "docker" "create" "-v" "/var/lib/crater-agent-workspace/builds/worker-2/target:/opt/rustwide/target:rw,Z" "-v" "/var/lib/crater-agent-workspace/builds/worker-2/source:/opt/rustwide/workdir:ro,Z" "-v" "/var/lib/crater-agent-workspace/cargo-home:/opt/rustwide/cargo-home:ro,Z" "-v" "/var/lib/crater-agent-workspace/rustup-home:/opt/rustwide/rustup-home:ro,Z" "-e" "SOURCE_DIR=/opt/rustwide/workdir" "-e" "CARGO_TARGET_DIR=/opt/rustwide/target" "-e" "CARGO_HOME=/opt/rustwide/cargo-home" "-e" "RUSTUP_HOME=/opt/rustwide/rustup-home" "-w" "/opt/rustwide/workdir" "-m" "1610612736" "--user" "0:0" "--network" "none" "rustops/crates-build-env@sha256:d92eaeed33fa75130ca1ee6c8a01d1ffb62bac859dfdfb3450e3e5d1c0146529" "/opt/rustwide/cargo-home/bin/cargo" "+72f88fc4e9458f89516a0b8b0868f3718aec5b47" "metadata" "--no-deps" "--format-version=1", kill_on_drop: false }`
[INFO] [stderr] WARNING: Your kernel does not support swap limit capabilities or the cgroup is not mounted. Memory limited without swap.
[INFO] [stdout] a1f3a10a26f64c2d2bcfa72b9ca272eb47ab3d9271ff4ce0a45209dd4474a61c
[INFO] running `Command { std: "docker" "start" "-a" "a1f3a10a26f64c2d2bcfa72b9ca272eb47ab3d9271ff4ce0a45209dd4474a61c", kill_on_drop: false }`
[INFO] running `Command { std: "docker" "inspect" "a1f3a10a26f64c2d2bcfa72b9ca272eb47ab3d9271ff4ce0a45209dd4474a61c", kill_on_drop: false }`
[INFO] running `Command { std: "docker" "rm" "-f" "a1f3a10a26f64c2d2bcfa72b9ca272eb47ab3d9271ff4ce0a45209dd4474a61c", kill_on_drop: false }`
[INFO] [stdout] a1f3a10a26f64c2d2bcfa72b9ca272eb47ab3d9271ff4ce0a45209dd4474a61c
[INFO] running `Command { std: "docker" "create" "-v" "/var/lib/crater-agent-workspace/builds/worker-2/target:/opt/rustwide/target:rw,Z" "-v" "/var/lib/crater-agent-workspace/builds/worker-2/source:/opt/rustwide/workdir:ro,Z" "-v" "/var/lib/crater-agent-workspace/cargo-home:/opt/rustwide/cargo-home:ro,Z" "-v" "/var/lib/crater-agent-workspace/rustup-home:/opt/rustwide/rustup-home:ro,Z" "-e" "SOURCE_DIR=/opt/rustwide/workdir" "-e" "CARGO_TARGET_DIR=/opt/rustwide/target" "-e" "CARGO_INCREMENTAL=0" "-e" "RUST_BACKTRACE=full" "-e" "RUSTFLAGS=--cap-lints=forbid" "-e" "CARGO_HOME=/opt/rustwide/cargo-home" "-e" "RUSTUP_HOME=/opt/rustwide/rustup-home" "-w" "/opt/rustwide/workdir" "-m" "1610612736" "--user" "0:0" "--network" "none" "rustops/crates-build-env@sha256:d92eaeed33fa75130ca1ee6c8a01d1ffb62bac859dfdfb3450e3e5d1c0146529" "/opt/rustwide/cargo-home/bin/cargo" "+72f88fc4e9458f89516a0b8b0868f3718aec5b47" "check" "--frozen" "--all" "--all-targets" "--message-format=json", kill_on_drop: false }`
[INFO] [stdout] f41061f3ceb81ccf662f6fc17eb7b6ba34770e0679f9a9d5bd4f85794a8473b3
[INFO] [stderr] WARNING: Your kernel does not support swap limit capabilities or the cgroup is not mounted. Memory limited without swap.
[INFO] running `Command { std: "docker" "start" "-a" "f41061f3ceb81ccf662f6fc17eb7b6ba34770e0679f9a9d5bd4f85794a8473b3", kill_on_drop: false }`
[INFO] [stderr]    Compiling libc v0.2.77
[INFO] [stderr]     Checking spin v0.4.10
[INFO] [stderr]     Checking rand v0.4.6
[INFO] [stderr]     Checking rand v0.3.23
[INFO] [stderr]     Checking concurrent v0.2.2 (/opt/rustwide/workdir)
[INFO] [stdout] error[E0433]: failed to resolve: could not find `LocalKeyState` in `thread`
[INFO] [stdout]   --> src/local.rs:23:33
[INFO] [stdout]    |
[INFO] [stdout] 23 |     if STATE.state() == thread::LocalKeyState::Destroyed {
[INFO] [stdout]    |                                 ^^^^^^^^^^^^^ could not find `LocalKeyState` in `thread`
[INFO] [stdout] 
[INFO] [stdout] 
[INFO] [stdout] error[E0433]: failed to resolve: could not find `LocalKeyState` in `thread`
[INFO] [stdout]   --> src/local.rs:46:33
[INFO] [stdout]    |
[INFO] [stdout] 46 |     if STATE.state() == thread::LocalKeyState::Destroyed {
[INFO] [stdout]    |                                 ^^^^^^^^^^^^^ could not find `LocalKeyState` in `thread`
[INFO] [stdout] 
[INFO] [stdout] 
[INFO] [stdout] error[E0433]: failed to resolve: could not find `LocalKeyState` in `thread`
[INFO] [stdout]   --> src/local.rs:75:33
[INFO] [stdout]    |
[INFO] [stdout] 75 |     if STATE.state() == thread::LocalKeyState::Destroyed {
[INFO] [stdout]    |                                 ^^^^^^^^^^^^^ could not find `LocalKeyState` in `thread`
[INFO] [stdout] 
[INFO] [stdout] 
[INFO] [stdout] error[E0433]: failed to resolve: could not find `LocalKeyState` in `thread`
[INFO] [stdout]   --> src/local.rs:94:33
[INFO] [stdout]    |
[INFO] [stdout] 94 |     if STATE.state() != thread::LocalKeyState::Destroyed {
[INFO] [stdout]    |                                 ^^^^^^^^^^^^^ could not find `LocalKeyState` in `thread`
[INFO] [stdout] 
[INFO] [stdout] 
[INFO] [stdout] error[E0433]: failed to resolve: could not find `LocalKeyState` in `thread`
[INFO] [stdout]   --> src/local.rs:23:33
[INFO] [stdout]    |
[INFO] [stdout] 23 |     if STATE.state() == thread::LocalKeyState::Destroyed {
[INFO] [stdout]    |                                 ^^^^^^^^^^^^^ could not find `LocalKeyState` in `thread`
[INFO] [stdout] 
[INFO] [stdout] 
[INFO] [stdout] error[E0433]: failed to resolve: could not find `LocalKeyState` in `thread`
[INFO] [stdout]   --> src/local.rs:46:33
[INFO] [stdout]    |
[INFO] [stdout] 46 |     if STATE.state() == thread::LocalKeyState::Destroyed {
[INFO] [stdout]    |                                 ^^^^^^^^^^^^^ could not find `LocalKeyState` in `thread`
[INFO] [stdout] 
[INFO] [stdout] 
[INFO] [stdout] error[E0433]: failed to resolve: could not find `LocalKeyState` in `thread`
[INFO] [stdout]   --> src/local.rs:75:33
[INFO] [stdout]    |
[INFO] [stdout] 75 |     if STATE.state() == thread::LocalKeyState::Destroyed {
[INFO] [stdout]    |                                 ^^^^^^^^^^^^^ could not find `LocalKeyState` in `thread`
[INFO] [stdout] 
[INFO] [stdout] 
[INFO] [stdout] error[E0433]: failed to resolve: could not find `LocalKeyState` in `thread`
[INFO] [stdout]   --> src/local.rs:94:33
[INFO] [stdout]    |
[INFO] [stdout] 94 |     if STATE.state() != thread::LocalKeyState::Destroyed {
[INFO] [stdout]    |                                 ^^^^^^^^^^^^^ could not find `LocalKeyState` in `thread`
[INFO] [stdout] 
[INFO] [stdout] 
[INFO] [stdout] warning: use of deprecated constant `std::sync::ONCE_INIT`: the `new` function is now preferred
[INFO] [stdout]   --> src/global.rs:9:1
[INFO] [stdout]    |
[INFO] [stdout] 9  | / lazy_static! {
[INFO] [stdout] 10 | |     /// The global state.
[INFO] [stdout] 11 | |     ///
[INFO] [stdout] 12 | |     /// This state is shared between all the threads.
[INFO] [stdout] 13 | |     static ref STATE: State = State::new();
[INFO] [stdout] 14 | | }
[INFO] [stdout]    | |_^
[INFO] [stdout]    |
[INFO] [stdout]    = note: `#[warn(deprecated)]` on by default
[INFO] [stdout]    = note: this warning originates in a macro (in Nightly builds, run with -Z macro-backtrace for more info)
[INFO] [stdout] 
[INFO] [stdout] 
[INFO] [stdout] warning: use of deprecated constant `std::sync::ONCE_INIT`: the `new` function is now preferred
[INFO] [stdout]   --> src/global.rs:9:1
[INFO] [stdout]    |
[INFO] [stdout] 9  | / lazy_static! {
[INFO] [stdout] 10 | |     /// The global state.
[INFO] [stdout] 11 | |     ///
[INFO] [stdout] 12 | |     /// This state is shared between all the threads.
[INFO] [stdout] 13 | |     static ref STATE: State = State::new();
[INFO] [stdout] 14 | | }
[INFO] [stdout]    | |_^
[INFO] [stdout]    |
[INFO] [stdout]    = note: `#[warn(deprecated)]` on by default
[INFO] [stdout]    = note: this warning originates in a macro (in Nightly builds, run with -Z macro-backtrace for more info)
[INFO] [stdout] 
[INFO] [stdout] 
[INFO] [stdout] error[E0599]: no method named `state` found for struct `LocalKey<RefCell<local::State>>` in the current scope
[INFO] [stdout]   --> src/local.rs:23:14
[INFO] [stdout]    |
[INFO] [stdout] 23 |     if STATE.state() == thread::LocalKeyState::Destroyed {
[INFO] [stdout]    |              ^^^^^ method not found in `LocalKey<RefCell<local::State>>`
[INFO] [stdout] 
[INFO] [stdout] 
[INFO] [stdout] error[E0599]: no method named `state` found for struct `LocalKey<RefCell<local::State>>` in the current scope
[INFO] [stdout]   --> src/local.rs:46:14
[INFO] [stdout]    |
[INFO] [stdout] 46 |     if STATE.state() == thread::LocalKeyState::Destroyed {
[INFO] [stdout]    |              ^^^^^ method not found in `LocalKey<RefCell<local::State>>`
[INFO] [stdout] 
[INFO] [stdout] 
[INFO] [stdout] error[E0599]: no method named `state` found for struct `LocalKey<RefCell<local::State>>` in the current scope
[INFO] [stdout]   --> src/local.rs:75:14
[INFO] [stdout]    |
[INFO] [stdout] 75 |     if STATE.state() == thread::LocalKeyState::Destroyed {
[INFO] [stdout]    |              ^^^^^ method not found in `LocalKey<RefCell<local::State>>`
[INFO] [stdout] 
[INFO] [stdout] 
[INFO] [stdout] error[E0599]: no method named `state` found for struct `LocalKey<RefCell<local::State>>` in the current scope
[INFO] [stdout]   --> src/local.rs:94:14
[INFO] [stdout]    |
[INFO] [stdout] 94 |     if STATE.state() != thread::LocalKeyState::Destroyed {
[INFO] [stdout]    |              ^^^^^ method not found in `LocalKey<RefCell<local::State>>`
[INFO] [stdout] 
[INFO] [stdout] 
[INFO] [stdout] error: aborting due to 8 previous errors; 1 warning emitted
[INFO] [stdout] 
[INFO] [stdout] 
[INFO] [stdout] Some errors have detailed explanations: E0433, E0599.
[INFO] [stdout] 
[INFO] [stdout] For more information about an error, try `rustc --explain E0433`.
[INFO] [stdout] 
[INFO] [stderr] error: could not compile `concurrent`.
[INFO] [stderr] 
[INFO] [stderr] To learn more, run the command again with --verbose.
[INFO] [stderr] warning: build failed, waiting for other jobs to finish...
[INFO] [stdout] error[E0599]: no method named `state` found for struct `LocalKey<RefCell<local::State>>` in the current scope
[INFO] [stdout]   --> src/local.rs:23:14
[INFO] [stdout]    |
[INFO] [stdout] 23 |     if STATE.state() == thread::LocalKeyState::Destroyed {
[INFO] [stdout]    |              ^^^^^ method not found in `LocalKey<RefCell<local::State>>`
[INFO] [stdout] 
[INFO] [stdout] 
[INFO] [stdout] error[E0599]: no method named `state` found for struct `LocalKey<RefCell<local::State>>` in the current scope
[INFO] [stdout]   --> src/local.rs:46:14
[INFO] [stdout]    |
[INFO] [stdout] 46 |     if STATE.state() == thread::LocalKeyState::Destroyed {
[INFO] [stdout]    |              ^^^^^ method not found in `LocalKey<RefCell<local::State>>`
[INFO] [stdout] 
[INFO] [stdout] 
[INFO] [stdout] error[E0599]: no method named `state` found for struct `LocalKey<RefCell<local::State>>` in the current scope
[INFO] [stdout]   --> src/local.rs:75:14
[INFO] [stdout]    |
[INFO] [stdout] 75 |     if STATE.state() == thread::LocalKeyState::Destroyed {
[INFO] [stdout]    |              ^^^^^ method not found in `LocalKey<RefCell<local::State>>`
[INFO] [stdout] 
[INFO] [stdout] 
[INFO] [stdout] error[E0599]: no method named `state` found for struct `LocalKey<RefCell<local::State>>` in the current scope
[INFO] [stdout]   --> src/local.rs:94:14
[INFO] [stdout]    |
[INFO] [stdout] 94 |     if STATE.state() != thread::LocalKeyState::Destroyed {
[INFO] [stdout]    |              ^^^^^ method not found in `LocalKey<RefCell<local::State>>`
[INFO] [stdout] 
[INFO] [stdout] 
[INFO] [stdout] error: aborting due to 8 previous errors; 1 warning emitted
[INFO] [stdout] 
[INFO] [stdout] 
[INFO] [stdout] Some errors have detailed explanations: E0433, E0599.
[INFO] [stdout] 
[INFO] [stdout] For more information about an error, try `rustc --explain E0433`.
[INFO] [stdout] 
[INFO] [stderr] error: build failed
[INFO] running `Command { std: "docker" "inspect" "f41061f3ceb81ccf662f6fc17eb7b6ba34770e0679f9a9d5bd4f85794a8473b3", kill_on_drop: false }`
[INFO] running `Command { std: "docker" "rm" "-f" "f41061f3ceb81ccf662f6fc17eb7b6ba34770e0679f9a9d5bd4f85794a8473b3", kill_on_drop: false }`
[INFO] [stdout] f41061f3ceb81ccf662f6fc17eb7b6ba34770e0679f9a9d5bd4f85794a8473b3
